3/3 - 3*l**2/2 + 19*l - 3. Let g be t(8). Let m = g - 36. Calculate the greatest common factor of 184 and m.
23
Suppose 12*a - 9*a = 0. Suppose 3*b + 8 - 50 = a. Suppose -4*p - 3*j + 48 = 0, -3*p = -5*p + j + b. Calculate the highest common factor of 27 and p.
9
Suppose 0 = l - 14*y + 12*y - 8, 0 = -5*y. Calculate the highest common divisor of l and 9.
1
Suppose 3*s = -v - 100 - 3, 5*s + 169 = -3*v. Let a = 75 + s. What is the greatest common divisor of 10 and a?
10
Suppose 965 = 2*u - 3*v, -5*v + 6*v + 963 = 2*u. Suppose o + 2*o + 4*z = u, -3*o + 485 = 5*z. Calculate the highest common divisor of o and 31.
31
Suppose 0 = -5*s + 3*k + 5378, -1072 = -16*s + 15*s - 3*k. Calculate the greatest common divisor of 43 and s.
43
Let o be 481/(-37) + 32/2. Let p be -1 + (5 - (1 + 1)). Suppose p*z + z = 9. Calculate the greatest common divisor of o and z.
3
Let u = -1110 + 1179. Suppose 19 = y - 4*f, -4*y + 95 = -0*y + 3*f. Calculate the highest common divisor of u and y.
23
Let v = 16 - 14. Let l(n) = n**2 - 4*n + 3. Let p be (-2 + -2)*(3 - 4). Let z be l(p). What is the highest common factor of v and z?
1
Suppose -2*g - 6 = 2, -5*z - 2*g + 97 = 0. What is the highest common divisor of z and 56?
7
Suppose -35*i + 34*i = 31. Let v = i + 36. Let y be ((-2 - -3)/(-1))/(-1). What is the greatest common divisor of y and v?
1
Let h = 371 + -359. Calculate the greatest common divisor of h and 132.
12
Suppose 0 = -2*g - 0 + 4. Suppose 2*z = -5*d + 28, 72 + 0 = 4*z + g*d. Suppose 54 = -2*i + 92. What is the greatest common factor of i and z?
19
Let u(t) = -t**3 + 15*t**2 + 4*t + 7. Let p be u(9). Calculate the highest common factor of p and 23.
23
Suppose 420 = -0*q + 5*q. Suppose 0 = -4*y + 7*y - 63. Calculate the highest common divisor of y and q.
21
Let r(f) = f**2 - 10*f + 21. Let x be r(8). Calculate the greatest common divisor of x and 2.
1
Let l = -805 + 826. Suppose -5*j = -315 + 70. What is the highest common factor of l and j?
7
Let q be ((-4)/10)/((-5)/850). Let n = q + -44. Calculate the greatest common factor of 12 and n.
12
Let r be ((601 - 2) + 1)*(-198)/(-27). Calculate the highest common divisor of 40 and r.
40
Let r(d) = -143*d**3 - 6*d**2 - 8*d - 2. Let z be r(-1). Calculate the highest common factor of 13 and z.
13
Let t = 1014 - 753. What is the highest common factor of 58 and t?
29
Suppose v - 5 = 10. Suppose 5*o - v = 0, -49 = -4*i - 0*o - 3*o. Let u be 7/1 + (13 - 30/3). Calculate the highest common factor of u and i.
10
Let z(d) = -8*d + 26*d - 8*d + 7 + 4*d. Let f be z(7). Calculate the greatest common divisor of f and 15.
15
Suppose -4*b - 16 = 0, -3*b - 17 = 5*c - 210. Suppose -4*u = -c - 3. What is the highest common divisor of u and 110?
11
Let h(u) = 6*u - 5. Let o be h(4). Suppose -5*c = o - 14. Let p be (-2 - c*12) + 0. What is the greatest common divisor of 25 and p?
5
Let z(l) = 1 - 1 - 3 + 3*l + 5. Let i be z(5). What is the greatest common factor of i and 187?
17
Suppose -4*o + 7*h + 167 = 6*h, 3*o + 2*h - 128 = 0. Let v(s) = 7*s**2 + 3*s + 5. Let p be v(-4). Calculate the highest common divisor of o and p.
21
Let j be 61 + 0 - (-50 + 60). Calculate the highest common factor of 119 and j.
17
Let h = 153 + -137. What is the highest common divisor of 496 and h?
16
Let m = 33 - 0. Let u = m - 4. What is the highest common factor of u and 29?
29
Suppose -216 = -14*g + 680. Calculate the greatest common divisor of 16 and g.
16
Let j be (-7)/49 - (-4523)/7. What is the greatest common factor of j and 76?
38
Let b(u) = -u**3 - 43*u**2 + 37*u + 17. Let n be b(-44). What is the highest common factor of 200 and n?
25
Let q(l) = 2*l**2 - 38*l - 44 - 63 + 83. Let f be q(21). What is the greatest common factor of 36 and f?
12
Let x = -2 - -6. Suppose 59 = 3*c + x*b - 11, c - 24 = -2*b. Let z be (-2 - -24)*1/1. Calculate the highest common factor of z and c.
22
Suppose x = 5*h + 14, -x - 3*h = 2*x - 6. Suppose -5*w - 16 = x*u, 12 = 4*w - 4*u - 4. Let t = w + 4. What is the greatest common factor of t and 40?
4
Let i be (-12)/(-3) + (-4)/(-1). Calculate the greatest common divisor of i and 64.
8
Let g(c) = c**3 + 9*c**2 + 4*c - 1. Let a be g(-9). Let l be (-16)/56 - a/7. Suppose -462 + 147 = -l*p. What is the greatest common factor of p and 9?
9
Suppose 0 = 24*z - 1656 - 10488. Calculate the greatest common factor of z and 22.
22
Suppose 3*a - 13 = -19. Let d(t) = t + 4. Let c be d(a). Suppose 0 = g - 4*f - 20, 23 + 8 = c*g - 5*f. What is the greatest common divisor of 40 and g?
8
Suppose 0 = 3*c - 2 - 7. Suppose -v = -p + 2*p - 1, -4*p - 3*v + 5 = 0. Suppose c*a - p*a = 48. What is the greatest common divisor of a and 120?
24
Let x = 943 + -533. Calculate the highest common divisor of x and 10.
10
Let g(l) = 15*l + 18. Let u be g(-1). Calculate the highest common divisor of 60 and u.
3
Let z be 4/(-14) - 69/(-21). Let t be (8/3)/(22/(-33)). Let v be 1/t - (-388)/16. Calculate the highest common factor of z and v.
3
Suppose t + 2*f = 43, -2*t = -7*f + 2*f - 104. What is the greatest common divisor of 188 and t?
47
Let p = 180 + -163. Let w(i) = -i + 119. Let c be w(0). Calculate the highest common divisor of p and c.
17
Suppose -37*m - 1541 = -104*m. Let j(t) = 13*t**3 - 3*t**2. Let u be j(2). Calculate the greatest common factor of m and u.
23
Let j = -35 - 43. Let g = 95 + j. Let r be 85 - (-1)/(-2)*0. Calculate the highest common factor of r and g.
17
Let t be 1*(3 - (-10)/2). Suppose -14 - 19 = w. Let f = 45 + w. What is the highest common divisor of t and f?
4
Suppose 0*j + 3*j = -2*w + 136, 3*w - 193 = j. Suppose -4*l - 8 = 0, 178 = 4*a + 2*l + 58. Let b = a - 18. What is the highest common factor of w and b?
13
Suppose -2*r + 4*r - 3*i - 615 = 0, -r + 309 = -2*i. Let z = r - 121. Calculate the highest common factor of z and 26.
26
Let s = -170 + 306. Let f = -43 + 57. Let x = 3 + f. What is the highest common divisor of s and x?
17
Suppose -10*m = -12*m + 3*w + 36, -4*m + 5*w = -76. What is the greatest common divisor of 348 and m?
12
Let c(q) = q**3 + 4*q**2 - 2. Let h be c(-4). Let j(m) = -2*m + 1. Let r be j(-1). Let o = r + h. What is the highest common factor of 4 and o?
1
Let a be ((-10)/(-25))/(2/(-190)). Let b = -29 - a. What is the greatest common divisor of b and 45?
9
Suppose o - 22 = -12*f + 10*f, 31 = 3*f + 2*o. What is the greatest common divisor of f and 13?
13
Let v(b) = 4*b**2 - 12*b - 4. Let w(z) = -3*z**2 + 11*z + 4. Let h(l) = -2*v(l) - 3*w(l). Let r be h(10). What is the greatest common divisor of 18 and r?
6
Suppose -20 + 0 = 5*s. Let h be ((-14)/s - 1)/(4/8). Calculate the greatest common divisor of 10 and h.
5
Suppose -4 + 340 = 6*i. What is the greatest common divisor of 32 and i?
8
Let k = 54 - 26. Let b(v) = 42*v + 196. Let o be b(-4). Calculate the highest common factor of o and k.
28
Let q(t) = t**2 + 9*t + 10. Let n be q(-11). Let x be (16 - -2) + (-6)/(-3). Suppose 5*s = f + x, 2*f = f. What is the highest common factor of s and n?
4
Suppose 4047 + 13 = 5*b. Calculate the highest common factor of 28 and b.
28
Suppose 5*a + 38 = 3*k, 4*a = 7*a + 12. Let j be ((-396)/21)/(k/(-21)). Calculate the highest common factor of j and 44.
22
Suppose 0 = -11*b + 923 + 694. What is the highest common factor of 49 and b?
49
Suppose -500 = -5*a + 4*s, -5*a + 26*s + 460 = 30*s. What is the highest common divisor of a and 84?
12
Let m be (-20 - -344)/((-2)/(-1)). Calculate the greatest common factor of 6 and m.
6
Suppose -m - 3*m = -t + 11, 3*m + 4 = 5*t. Let o(q) = -q - 1. Let l be o(m). Suppose -l*b - 8 = -3*b. What is the greatest common factor of b and 24?
8
Let o be (-3 + -27)/((-9)/45). What is the highest common divisor of 12 and o?
6
Let n(s) = 7*s - 8*s**3 - 7*s**2 + 4 + 7 + 7*s**3. Let g be n(-8). What is the greatest common divisor of g and 133?
19
Suppose 4*r - 109 = 3*i, -4*r - 2*i + 131 = 17. Let s be 4/(-2) + 0 + -22. Let b be 171/24 + 3/s. Calculate the highest common factor of r and b.
7
Let x = -10 - -19. Suppose -2*s + 10 = -4*w - 0*s, 0 = -3*w - 5*s + 25. Let u be ((-73 - w) + 1)/(-1). What is the highest common factor of u and x?
9
Let p = -95 + 102. Suppose -29 = -c - p. Calculate the greatest common factor of 77 and c.
11
Let s(o) = 3*o**3 - o**2 + 5*o + 4. Let g be s(4). Suppose g = 5*n - n